 + 6*l - 7. Let t be o(5). Calculate k(t).
-6
Suppose -5*d + 263 - 18 = 0. Let z = d - 58. Let o(x) = -2*x + 1. What is o(z)?
19
Let r(a) be the first derivative of -87*a**2/2 + 347*a + 5797. What is r(4)?
-1
Let w(f) = -1303*f - 3906. Let n be w(-3). Let l(z) = -z**3 + 12*z - 9. Calculate l(n).
0
Let x(y) = -y**3 + y**2 + y + 11. Suppose 37 = -6*f + 157. Suppose -f*t = -17*t. What is x(t)?
11
Let m(y) = 3*y**2 - 6*y. Let p(v) = -7*v**2 + 12*v. Let n(l) = -9*m(l) - 4*p(l). Suppose -381 - 3571 = -19*f. Let d = f - 212. Calculate n(d).
-8
Let w(f) = 8*f**2 + 4*f - 3. Let n be (-35 - -33)*(2/(-5) - (-33)/(-55)). Determine w(n).
37
Let w = 266 - 255. Let v(p) = -p + 8 + p**3 + w + 8 + p**2. Determine v(0).
27
Suppose -6*g + 183 = -1035. Suppose g*q = 210*q + 70. Let j(x) = -x**2 - 11*x + 3. Calculate j(q).
13
Let l(n) = 7*n + 4. Let x(p) = -36*p - 20. Let y(j) = 11*l(j) + 2*x(j). Let z be 2 - 11 - 2 - (-2 + 40 - 47). Determine y(z).
-6
Let j(l) = 26*l - 93. Let g(w) = 29*w - 107. Let d(c) = 4*g(c) - 5*j(c). What is d(3)?
-5
Suppose 0 = 6*x - 5 - 19. Suppose 4*h + 2*f = 12, 3*f + x = 3*h + 13. Let g(b) = -b**2 + 19 + 7*b**3 + 2*b**3 - 19. Give g(h).
8
Let o(h) = -3 + 5 - 7*h - 7*h + 6 - 5*h**2. Let p(u) = 2*u**2 + 7*u - 3. Let l(r) = -3*o(r) - 7*p(r). Determine l(7).
-3
Let j(q) = 2*q + 1. Let u(n) = -5*n - 3. Let k(b) = 2*j(b) + u(b). Suppose 8*v - 12*v - 14 = -2*m, -2*v - 3*m = 11. Give k(v).
3
Let q(j) = -j**3 - 7*j**2 - 9*j - 1. Let c(d) = 4*d**2 - 22*d - 2. Let r be c(-4). Let n be (-60)/r - (1 - (-46)/10). Calculate q(n).
17
Let t(f) be the second derivative of -f**5/20 - f**4/3 - 2*f**3/3 - 9*f**2/2 + 2*f + 1015. Give t(-4).
7
Let y(j) = 3*j - 2. Let s(d) = -7*d - 8. Let g(b) = -s(b) - 6*y(b). Determine g(7).
-57
Let k(t) = -8*t - 50. Let g be k(-9). Let l be g/(-2) + (-5 - -12). Let o(w) = -2*w + 1. Calculate o(l).
9
Let y(w) = 80*w**2 + w + 4. Let f(c) = 239*c**2 + 4*c + 13. Let b(j) = 2*f(j) - 7*y(j). Give b(1).
-83
Let s(q) be the third derivative of q**7/2520 + q**6/240 - 7*q**5/120 - 7*q**4/6 - q**2 + 19. Let l(w) be the second derivative of s(w). Calculate l(-5).
3
Let v(f) = 11*f + 6. Let b(a) = 24 - 7*a - 19 - 8. Let k(u) = -5*b(u) - 3*v(u). Calculate k(-3).
-9
Let q = 23810 + -23814. Let c(v) = 3*v**3 + 3*v**2 - 3*v + 2. Let j(m) = 13*m**3 + 12*m**2 - 12*m + 8. Let l(o) = -9*c(o) + 2*j(o). Determine l(q).
2
Let y(v) be the third derivative of -13*v + 1/8*v**4 - 4*v**2 + 1/6*v**3 + 0 - 1/20*v**5. Let w be -3*2*(-2)/4. What is y(w)?
-17
Let h(o) = o**2 - 27*o - 26. Let f = -1244 + 1272. Determine h(f).
2
Let z(l) be the third derivative of l**6/30 - l**5/60 + l**4/12 + 551*l**2. Let s = 138 - 136. Give z(s).
32
Let i(c) = -7*c**3 + 4*c**2 + 24*c + 1. Let j(x) = 8*x**3 - 6*x**2 - 25*x. Let h(k) = 7*i(k) + 6*j(k). Give h(-10).
27
Let u(n) be the third derivative of n**5/30 - 9*n**4/8 - 19*n**3/3 - 2*n**2 + 244. Determine u(15).
7
Let p(d) = -1871 + 33887*d - 67744*d + 33909*d. Determine p(36).
1
Let b(k) = k + 3. Let w = 196 + -61. Let n = w + -140. What is b(n)?
-2
Let t be (1 + 4/8)*2. Let x(g) = -149*g**2 - g + 55*g**2 + 15*g**t + 48*g**2 + 47*g**2. Calculate x(1).
15
Let z(i) be the second derivative of -i**4/12 + 13*i**3/6 + i**2 - 4*i + 38. Give z(7).
44
Let r be ((-65)/(-39))/(5/(-18)) - 2. Let v(t) = -t**3 - 10*t**2 - 20*t - 3. Determine v(r).
29
Let z(s) be the third derivative of -s**6/120 - s**5/15 + s**3/3 - 281*s**2. Let n be 54/12 + (-2)/(-4). Let k = n + -9. Calculate z(k).
2
Suppose -2*m = 5*v - 0*m - 270, 0 = -4*m - 20. Let h = -38 + v. Suppose -d = -16 + h. Let j(w) = w**3 + 3*w**2 + w + 1. Give j(d).
3
Let d(f) = -2*f**2 + 15*f - 14. Let m be d(6). Let p be 27/36 - (-369)/m. Let a(b) = -p*b - 99*b + 185*b. Calculate a(-1).
7
Let q be 6/(36/(-5))*(-7 - -1). Suppose 4*n + 6 = -10, -u + 24 = -q*n. Let z(a) = -u*a - 59 - 59 + 111. Give z(-6).
17
Let o(c) = -2*c**2 + 4*c + 6. Let v = -38834 + 38837. Calculate o(v).
0
Let m(t) = t + 1. Let y = 167 - 169. Let z(p) = -p + 10. Let o(s) = y*m(s) + z(s). Give o(8).
-16
Let y(w) = -621*w + 5 + 1245*w - 627*w. Give y(8).
-19
Let n = -42 + 27. Let i = -301 + 323. Let m = i + n. Let q(g) = -g**2 + 6*g + 1. Determine q(m).
-6
Let l(y) = 2*y + 39 + 42 - 139 + 38 + 35. Determine l(8).
31
Let z(u) = u**3 - u**2 + 2828 - 2822 + 3*u + 6*u**2. Give z(-4).
10
Let t = -1418 - -888. Let x = -533 - t. Let o(m) = -2*m. Determine o(x).
6
Let h(t) = -3*t - 7. Suppose -3*d + 264 = 9*d. Let x = d - 26. Determine h(x).
5
Let i(c) = -c**3 + 7*c**2 - 2*c - 1. Let h be i(6). Let k = h - 21. Let w(o) = 5 + 9*o - o**k + 2*o**2 - 3 - 6*o. Give w(-4).
6
Suppose -35 = -17*a + 10*a. Suppose 2*i = -a*q + 10, q = -0*q + 4*i - 20. Let m(k) = -k + 5. Give m(q).
5
Let k(d) = d**3 - 6*d**2 - 18*d + 18. Suppose -44*y - 121 = -473. Calculate k(y).
2
Let z(g) = 21*g - 55. Let c be (-81)/(-81)*(1 - -1). Determine z(c).
-13
Suppose 2*u = 1 + 5. Let f(q) = 2 - 1 + q + 1 - 1. Let h(m) = m**3 - m**2 - 4*m. Let v(p) = f(p) + h(p). Determine v(u).
10
Let m(s) = s - 8. Let p(a) = 14*a - 29. Let n(i) = 30*i - 60. Let w(y) = -6*n(y) + 13*p(y). Let j be w(11). What is m(j)?
-3
Let c(q) = -q**2 - 9*q - 2. Let k = -3156 + 3147. Determine c(k).
-2
Let b(t) be the first derivative of -18*t + 11 + 18 + 28*t + t**2 - 10. Calculate b(-7).
-4
Let y(c) = -5*c - 23. Let z be (0 - (-2 + 2))/(-2 + 18 + -10). Give y(z).
-23
Let q(y) = y**2. Let u(o) = 8*o - 5. Suppose 5*z - 56 = 24. Suppose 3*b - z*b - 13 = 0. Let j(p) = b*q(p) + u(p). Give j(7).
2
Let o be (-2*(-4)/8)/(3/27). Let w(n) = 3*n + n**3 + 0*n + o*n**2 - 5 - 2*n - 2*n. Calculate w(-9).
4
Let h(z) be the third derivative of -z**3 + 53*z**2 - 7/60*z**5 + 0*z + 1/120*z**6 + 1/24*z**4 + 0. Determine h(7).
1
Let m(b) be the first derivative of -1/3*b**3 - 22 + 16*b + 0*b**2. Give m(0).
16
Let n(y) = y**2 + 1. Suppose -a + 5*a = 0. Let v(d) = -d**3 + 13*d**2 + 15*d - 12. Let r be v(14). Suppose a = l + 5*l - r*l. What is n(l)?
1
Let m(v) = 78*v - 547. Suppose -20*y = -567 + 427. Determine m(y).
-1
Let h(x) = -371 + 654 - 8*x - 335 + 7*x. Calculate h(-8).
-44
Let s(f) = -63*f**3 + 6*f**2 - 3*f. Let r(y) = -21*y**3 + 2*y**2 - y. Let l(j) = 8*r(j) - 3*s(j). Let k = -509 + 499. Let m be k/(-12) + 28/168. Give l(m).
20
Let x(d) = -15*d**2 - 140*d - 146. Let f be x(-8). Let s(p) = 7*p + 23. Determine s(f).
121
Let i(w) be the second derivative of w**3/2 - 19*w**2/2 + 2589*w. What is i(9)?
8
Let b(i) be the first derivative of -4/3*i**3 - 2*i + 4 - 3/2*i**2 - 1/4*i**4. Determine b(-3).
-2
Let f be (5 + (-26)/6)/(3/9). Let z(b) = 7 - 29*b**3 + 30*b**3 + 7*b - 7*b**2 - f*b**2. Determine z(8).
-1
Suppose -1360 = 8*h - 3*h. Let t = h - -260. Let q(c) = c**3 + 12*c**2 - 7. Give q(t).
-7
Suppose -24 = -4*t - 2*g, 0 = -3*t - 4*g + 28 - 0. Let x(r) be the second derivative of -r**3/6 + 2*r**2 - 9*r. Determine x(t).
0
Let a be (-6 - -60) + -15 + -18. Let m(h) = h**3 - 22*h**2 + 22*h - 13. Calculate m(a).
8
Let y(v) = v**2 + 6*v + 3. Let p(d) = 2*d**2 - 37*d + 25. Let a be p(23). Let l = 226 - a. What is y(l)?
3
Let x(d) = -43*d**3 - 19*d**2 - 10*d + 72. Let g(q) = -36*q**3 - 18*q**2 - 11*q + 72. Let l(f) = 6*g(f) - 5*x(f). What is l(-11)?
6
Let w(g) be the second derivative of g**4/12 - 10*g**3/3 - 9*g**2/2 - 1958*g + 1. Determine w(21).
12
Let z(s) be the first derivative of -s**2 + s**3 + 53 + s - 1/4*s**4. What is z(4)?
-23
Let j(l) = -l**3 + 17*l**2 + 4*l - 34. Let x be j(17). Let s = x + -6. Let u be (-8)/s - 1/7*-9. Let r(m) = -4*m**3 - m. Determine r(u).
-5
Let b(o) = -5*o - 4. Let c = -152 - -354. Let s = c + -205. Calculate b(s).
11
Let i be 3 - 0/(15/5). Let n(p) = -3*p - p**3 + 3 - 2 + 2*p**i - 4*p**2. Determine n(5).
11
Let i = -16 - 6. Let t = i - -30. Let k(q) be the second derivative of -q**3/6 + 9*q**2/2 + 420*q. What is k(t)?
1
Let t(d) = -d**3 - 3*d**2 + 3*d + 3. Let b(k) = -2*k - 52. Let l(m) = 2*m + 1. Let a(q) = -b(q) - 3*l(q). Let h be a(13). Give t(h).
-6
Let y(q) = -q**2 + 1. Let x(w) = 2*w**2 - 11*w**2 - 13*w + 0 - 9*w**2 + 7 + w**3. Let s(r) = -x(r) + 6*y(r). Determine s(13).
-1
Let n(s) = s**3 + 2*s**2 - 2*s + 2. Suppose -3*w - 3*c = 9, -19 = w - 7*c + 4*c. Let f be (-18)/48*((w - 4) + 3). Give n(f).
41
Let n(q) be the third derivative of 0 - 1/24*q**4 - 1/120*q**5 - 3